12?
-9a907
What is 218500 (base 9) in base 3?
20122120000
What is 65524 (base 13) in base 6?
3532134
What is 184139 (base 13) in base 6?
21014242
Convert 21032110221 (base 4) to base 9.
4484733
-38b6a8 (base 12) to base 4
-3203220200
What is 610073 (base 9) in base 15?
71e16
What is -124410213 (base 5) in base 13?
-18a4a1
36130012 (base 7) to base 13
880a17
a6e7 (base 15) to base 5
2112232
-4cb18 (base 14) to base 2
-101110000101100010
What is -12122211200222 (base 3) in base 8?
-13363556
What is 1340304 (base 9) in base 3?
1101100100011
-2401004 (base 8) to base 15
-ce501
What is 933b (base 12) in base 4?
3322133
-20000034 (base 5) to base 10
-156269
-5a421 (base 16) to base 3
-200210010111
-30070614 (base 8) to base 3
-102220010010111
What is 10001233 (base 4) in base 3?
211121221
Convert 1353423 (base 11) to base 7.
25553030
Convert 5804b6 (base 15) to base 11.
2410810
12103210 (base 4) to base 5
1311303
What is 124c6b (base 13) in base 12?
1922a0
What is -8f374 (base 16) in base 10?
-586612
Convert 52bb0d (base 14) to base 5.
1204021210
What is -192552 (base 12) in base 6?
-13231342
What is 1001235 (base 9) in base 5?
114013424
Convert -22550120 (base 6) to base 3.
-1022111021210
Convert -3443565 (base 7) to base 2.
-1101001001111111100
200102423 (base 5) to base 8
2774542
What is 2114330430 (base 5) in base 6?
235204333
Convert 233130331 (base 4) to base 12.
94591
What is 187578 (base 9) in base 4?
130211330
143222310 (base 5) to base 11
478407
-250764 (base 9) to base 16
-24fe8
What is -6293363 (base 10) in base 6?
-342515535
-17828166 (base 9) to base 3
-121220222012020
Convert -2109e (base 16) to base 9.
-225562
Convert 77734 (base 8) to base 16.
7fdc
Convert 213320132 (base 4) to base 16.
27e1e
Convert 15413242 (base 6) to base 7.
4433615
-5411d (base 15) to base 9
-446071
-208e1a (base 15) to base 11
-968804
What is -2a8a63 (base 11) in base 14?
-c7131
What is 1020103021233 (base 4) in base 10?
18952815
10100000100010100000 (base 2) to base 3
1020102000101
What is 163c120 (base 13) in base 10?
7166809
What is 15035431 (base 7) in base 12?
586364
Convert -11242114 (base 6) to base 9.
-580081
What is -11503431 (base 6) in base 16?
-596cb
Convert 36020345 (base 8) to base 2.
11110000010000011100101
What is 26e01 (base 15) in base 5?
12442101
What is 451014320 (base 6) in base 3?
120100221010110
-312187 (base 9) to base 4
-231033232
Convert 33432331 (base 6) to base 5.
224442302
1a938 (base 13) to base 14
14db5
Convert -12001321021 (base 4) to base 12.
-642861
Convert 23131321133 (base 4) to base 15.
3e5a32
Convert -204115153 (base 6) to base 16.
-3642ed
Convert 1094242 (base 10) to base 7.
12205132
Convert -223566 (base 7) to base 4.
-21230322
Convert -47cb7 (base 13) to base 5.
-13204201
-122312200 (base 4) to base 10
-109984
4310243 (base 8) to base 12
476203
What is 160726 (base 8) in base 13?
20413
31ebe (base 16) to base 14
54738
-144364 (base 8) to base 14
-14a68
-3021572 (base 9) to base 15
-21b97e
What is -20302 (base 8) in base 13?
-3a81
Convert -22133332 (base 4) to base 10.
-43006
What is -242131 (base 15) in base 10?
-1728271
32033201 (base 4) to base 3
2222000122
What is 183c60 (base 14) in base 7?
10163050
Convert -510750 (base 8) to base 11.
-1055a3
Convert 4011002 (base 6) to base 15.
3ab28
-3212102131 (base 4) to base 15
-139741
What is -101001110001011110 (base 2) in base 16?
-29c5e
392513 (base 12) to base 16
e4d5f
1437430 (base 9) to base 15
109d69
2111200010002 (base 3) to base 14
2695a6
Convert -27aa01 (base 11) to base 10.
-439110
What is 11110011111101101111 (base 2) in base 5?
223434104
Convert -7c9a (base 14) to base 2.
-101010011000000
Convert 896446 (base 15) to base 5.
3134124331
Convert 1bd764 (base 14) to base 3.
1212200100122
179769 (base 14) to base 4
3023112001
Convert 361065 (base 7) to base 2.
1111111011000001
Convert 34401304 (base 5) to base 14.
80b6b
What is -12240534 (base 7) in base 14?
-209a1b
What is 22f770 (base 16) in base 8?
10573560
Convert -10110110000111011 (base 2) to base 9.
-151813
Convert 2004042 (base 5) to base 7.
161426
28812a (base 11) to base 16
6ddef
Convert 101000100001011111011110 (base 2) to base 12.
3683652
1333112222 (base 4) to base 14
d8162
-898087 (base 11) to base 5
-331242140
Convert -2152166 (base 7) to base 13.
-93755
41726 (base 12) to base 9
140513
-2882332 (base 12) to base 6
-450150102
cca6d7 (base 14) to base 15
9225c5
Convert 830b (base 14) to base 13.
a359
13821420 (base 9) to base 6
403041113
Convert -100111001001101101 (base 2) to base 10.
-160365
What is -10103003100 (base 4) in base 16?
-1130d0
What is -13284176 (base 9) in base 14?
-c27528
What is 69608 (base 12) in base 16?
22628
Convert 1638347 (base 10) to base 4.
12033333023
Convert 41440234 (base 5) to base 11.
214935
Convert -138ccb3 (base 14) to base 4.
-210023313031
What is -6b05 (base 14) in base 3?
-221112211
What is -20b2 (base 15) in base 4?
-1230011
10c2890 (base 14) to base 16
7a090e
What is -564746 (base 8) in base 11?
-120511
Convert 28907 (base 11) to base 4.
22001002
Convert 2e809 (base 15) to base 11.
a2a25
What is 6eb89 (base 15) in base 4?
1112111010
What is -a9541 (base 16) in base 11?
-4340a8
What is 256660 (base 10) in base 12?
104644
2144540 (base 7) to base 14
6bd90
Convert 14862 (base 10) to base 7.
61221
Convert 23636004 (base 7) to base 16.
2032bc
5252045 (base 6) to base 4
332130131
Convert -866440 (base 9) to base 8.
-1760614
Convert -1314005221 (base 6) to base 15.
-157c864
What is -2020011112001 (base 3) in base 4?
-10201020103
What is -77a39 (base 12) in base 11?
-a9293
Convert 86751 (base 10) to base 7.
510630
What is -302031201 (base 4) in base 5?
-23040130
What is 915b8b (base 12) in base 5?
1040124210
Convert -40bb3 (base 14) to base 11.
-a7208
Convert -39501a (base 11) to base 10.
-621598
3a26f (base 16) to base 2
111010001001101111
-10000101100010010100100 (base 2) to base 16
-42c4a4
-322ed (base 16) to base 5
-23034144
-741749 (base 12) to base 3
-10102211221110
Convert 14345016 (base 9) to base 4.
123021100020
Convert -34643 (base 10) to base 3.
-1202112002
What is -4331212 (base 5) in base 7?
-425355
-30402344 (base 5) to base 8
-742670
Convert -dbc365 (base 14) to base 7.
-120206655
What is 12725635 (base 10) in base 2?
110000100010110110000011
What is -32113002 (base 6) in base 16?
-e62fa
What is -274826 (base 9) in base 12?
-80bb9
1101001000110000010110 (base 2) to base 6
201451114
Convert 5366172 (base 11) to base 3.
122202110010011
What is 1220222002010 (base 3) in base 10?
1022844
What is -11100000111100111 (base 2) in base 11?
-79595
What is 151185 (base 11) in base 8?
714431
-104831 (base 11) to base 12
-80a41
Convert -22020011121 (base 3) to base 11.
-100759
Convert -21111210011 (base 3) to base 11.
-a1080
What is 482156 (base 11) in base 13?
209a9a
19400a (base 11) to base 2
1001000110010101010
Convert -322405202 (base 6) to base 5.
-2431134130
What is -1381831 (base 9) in base 10?
-762481
-1100120021000 (base 3) to base 9
-1316230
-110295 (base 10) to base 13
-3b283
What is -1764074 (base 10) in base 15?
-24ca4e
Convert -101101110011100110011 (base 2) to base 13.
-40726c
1519ba (base 13) to base 2
1111110011101010001
1130124 (base 6) to base 3
2222001221
-238a78 (base 12) to base 16
-8c6fc
What is -773802 (base 9) in base 10?
-462107
Convert 2661882 (base 9) to base 12.
5a38b5
Convert 595892 (base 11) to base 6.
32125500
What is 8885d0 (base 15) in base 9?
13218656
-3323175 (base 8) to base 5
-212111324
Convert 1607670 (base 10) to base 3.
10000200022100
What is -1010110010011 (base 2) in base 12?
-3243
Convert 107d2a (base 14) to base 12.
22ba2a
-1b111 (base 12) to base 8
-115735
-101001101000100000010000 (base 2) to base 15
-e58ac3
-75985d (base 15) to base 16
-5576f5
What is 4282442 (base 9) in base 16?
23113a
What is -14894a1 (base 11) in base 9?
-4708646
What is -1153661 (base 7) in base 4?
-210011303
164203 (base 7) to base 15
9a41
Convert -b8e8e (base 15) to base 12.
-24395b
What is 10926a5 (base 13) in base 14?
966a49
What is 295635 (base 13) in base 6?
33403410
Convert 102102002212011 (base 3) to base 2.
10111001000100100111111
Convert 6949a (base 12) to base 6.
3003114
Convert -1400230524 (base 6) to base 10.
-16815796
-2507a18 (base 11)